{"id":16350,"date":"2025-11-04T15:00:10","date_gmt":"2025-11-04T15:00:10","guid":{"rendered":"https:\/\/dev2.cantalupe.net\/sigloxxi\/libro\/tratado-de-metodologia-de-las-ciencias-sociales\/"},"modified":"2025-11-04T15:00:19","modified_gmt":"2025-11-04T15:00:19","slug":"tratado-de-metodologia-de-las-ciencias-sociales","status":"publish","type":"product","link":"https:\/\/dev2.cantalupe.net\/sigloxxi\/libro\/tratado-de-metodologia-de-las-ciencias-sociales\/","title":{"rendered":"Tratado de metodolog\u00eda de las ciencias sociales"},"content":{"rendered":"<p>El Tratado de metodolog\u00eda de las Ciencias Sociales de Narciso Pizarro ofrece una visi\u00f3n coherente del campo de las ciencias sociales contempor\u00e1neas, cuya divisi\u00f3n en disciplinas, especialidades y subespecialidades hace dif\u00edcil al estudioso de cualquiera de ellas el entender las conexiones existentes entre todas. Porque la l\u00f3gica propia del desarrollo de las ciencias sociales en el mundo acad\u00e9mico impulsa diferencias terminol\u00f3gicas que ocultan la homogeneidad conceptual, pero que sirven para establecer las lindes de cotos privados del saber. Sobrepasar esas diferencias implica analizar los conceptos fundamentales de las ciencias sociales, tanto desde el punto de vista de la coherencia o sistematicidad del conjunto como desde el de la evoluci\u00f3n hist\u00f3rica de los esquemas conceptuales. Por ello, la exposici\u00f3n del conjunto es inseparable de una cr\u00edtica -en el sentido epistemol\u00f3gico del t\u00e9rmino- de los fundamentos de cada una de las disciplinas, desarrollada a lo largo de veinticinco a\u00f1os de trabajo.<\/p>\n","protected":false},"excerpt":{"rendered":"<p>El Tratado de metodolog\u00eda de las Ciencias Sociales de Narciso Pizarro ofrece una visi\u00f3n coherente del campo de las ciencias sociales contempor\u00e1neas, cuya divisi\u00f3n en disciplinas, especialidades y subespecialidades hace dif\u00edcil al estudioso de cualquiera de ellas el entender las conexiones existentes entre todas. Porque la l\u00f3gica propia del desarrollo de las ciencias sociales en el mundo acad\u00e9mico impulsa diferencias terminol\u00f3gicas que ocultan la homogeneidad conceptual, pero que sirven para establecer las lindes de cotos privados del saber. Sobrepasar esas diferencias implica analizar los conceptos fundamentales de las ciencias sociales, tanto desde el punto de vista de la coherencia o sistematicidad del conjunto como desde el de la evoluci\u00f3n hist\u00f3rica de los esquemas conceptuales. Por ello, la exposici\u00f3n del conjunto es inseparable de una cr\u00edtica -en el sentido epistemol\u00f3gico del t\u00e9rmino- de los fundamentos de cada una de las disciplinas, desarrollada a lo largo de veinticinco a\u00f1os de trabajo.<\/p>\n","protected":false},"featured_media":4563,"comment_status":"closed","ping_status":"open","template":"","meta":{"_acf_changed":false},"materia_nivel_3":[],"subtema_nivel_2":[],"tema_nivel_1":[2570],"product_brand":[],"product_cat":[15],"product_tag":[],"product_author":[2819],"product_collection":[],"class_list":{"0":"post-16350","1":"product","2":"type-product","3":"status-publish","4":"has-post-thumbnail","6":"tema_nivel_1-ciencias-sociales","7":"product_cat-uncategorized","8":"product_author-pizarro-ponce-de-la-torre-narciso","10":"first","11":"instock","12":"purchasable","13":"product-type-simple"},"acf":[],"_links":{"self":[{"href":"https:\/\/dev2.cantalupe.net\/sigloxxi\/wp-json\/wp\/v2\/product\/16350","targetHints":{"allow":["GET"]}}],"collection":[{"href":"https:\/\/dev2.cantalupe.net\/sigloxxi\/wp-json\/wp\/v2\/product"}],"about":[{"href":"https:\/\/dev2.cantalupe.net\/sigloxxi\/wp-json\/wp\/v2\/types\/product"}],"replies":[{"embeddable":true,"href":"https:\/\/dev2.cantalupe.net\/sigloxxi\/wp-json\/wp\/v2\/comments?post=16350"}],"version-history":[{"count":1,"href":"https:\/\/dev2.cantalupe.net\/sigloxxi\/wp-json\/wp\/v2\/product\/16350\/revisions"}],"predecessor-version":[{"id":16351,"href":"https:\/\/dev2.cantalupe.net\/sigloxxi\/wp-json\/wp\/v2\/product\/16350\/revisions\/16351"}],"wp:featuredmedia":[{"embeddable":true,"href":"https:\/\/dev2.cantalupe.net\/sigloxxi\/wp-json\/wp\/v2\/media\/4563"}],"wp:attachment":[{"href":"https:\/\/dev2.cantalupe.net\/sigloxxi\/wp-json\/wp\/v2\/media?parent=16350"}],"wp:term":[{"taxonomy":"materia_nivel_3","embeddable":true,"href":"https:\/\/dev2.cantalupe.net\/sigloxxi\/wp-json\/wp\/v2\/materia_nivel_3?post=16350"},{"taxonomy":"subtema_nivel_2","embeddable":true,"href":"https:\/\/dev2.cantalupe.net\/sigloxxi\/wp-json\/wp\/v2\/subtema_nivel_2?post=16350"},{"taxonomy":"tema_nivel_1","embeddable":true,"href":"https:\/\/dev2.cantalupe.net\/sigloxxi\/wp-json\/wp\/v2\/tema_nivel_1?post=16350"},{"taxonomy":"product_brand","embeddable":true,"href":"https:\/\/dev2.cantalupe.net\/sigloxxi\/wp-json\/wp\/v2\/product_brand?post=16350"},{"taxonomy":"product_cat","embeddable":true,"href":"https:\/\/dev2.cantalupe.net\/sigloxxi\/wp-json\/wp\/v2\/product_cat?post=16350"},{"taxonomy":"product_tag","embeddable":true,"href":"https:\/\/dev2.cantalupe.net\/sigloxxi\/wp-json\/wp\/v2\/product_tag?post=16350"},{"taxonomy":"product_author","embeddable":true,"href":"https:\/\/dev2.cantalupe.net\/sigloxxi\/wp-json\/wp\/v2\/product_author?post=16350"},{"taxonomy":"product_collection","embeddable":true,"href":"https:\/\/dev2.cantalupe.net\/sigloxxi\/wp-json\/wp\/v2\/product_collection?post=16350"}],"curies":[{"name":"wp","href":"https:\/\/api.w.org\/{rel}","templated":true}]}}