{"id":16436,"date":"2025-11-04T15:00:31","date_gmt":"2025-11-04T15:00:31","guid":{"rendered":"https:\/\/dev2.cantalupe.net\/sigloxxi\/libro\/usos-amorosos-del-dieciocho-en-espana\/"},"modified":"2025-11-04T15:00:36","modified_gmt":"2025-11-04T15:00:36","slug":"usos-amorosos-del-dieciocho-en-espana","status":"publish","type":"product","link":"https:\/\/dev2.cantalupe.net\/sigloxxi\/libro\/usos-amorosos-del-dieciocho-en-espana\/","title":{"rendered":"Usos amorosos del dieciocho en Espa\u00f1a"},"content":{"rendered":"<p>&#8220;Partiendo de una especie de adulterio galante que se puso de moda, en Espa\u00f1a con el nombre de &#8220;&#8221;cortejo&#8221;&#8221; a mediados del siglo XVIII y que hizo furor entre las damas de la alta sociedad, la autora va analizando los importantes cambios operados en las costumbres espa\u00f1olas con el advenimiento de los Borbones: la p\u00e9rdida progresiva del sentimiento tradicional del honor, el nacimiento de la sociedad de consumo, los primeros conatos expl\u00edcitos de malestar matrimonial, la reacci\u00f3n del &#8220;&#8221;majismo&#8221;&#8221;, el enfrentamiento entre el n\u00facleo de opini\u00f3n tradicional y el moderno, los albores del amor rom\u00e1ntico, las primeras reivindicaciones feministas. Lo m\u00e1s singular de este estudio; que, seg\u00fan opini\u00f3n del profesor Jover, ser\u00e1 en adelant\u00e9 de indispensable consulta para mejor entender los reinados de Carlos III y Carlos IV, reside en e1 triple criterio hist\u00f3rico, ling\u00fc\u00edstico y literario- con que la autora ha seleccionado y ordenado el material de su investigaci\u00f3n, de cuyas resultas la narraci\u00f3n adquiere un ritmo estimulante y variado poco frecuente en este tipo de monograf\u00edas.&#8221;<\/p>\n","protected":false},"excerpt":{"rendered":"<p>&#8220;Partiendo de una especie de adulterio galante que se puso de moda, en Espa\u00f1a con el nombre de &#8220;&#8221;cortejo&#8221;&#8221; a mediados del siglo XVIII y que hizo furor entre las damas de la alta sociedad, la autora va analizando los importantes cambios operados en las costumbres espa\u00f1olas con el advenimiento de los Borbones: la p\u00e9rdida progresiva del sentimiento tradicional del honor, el nacimiento de la sociedad de consumo, los primeros conatos expl\u00edcitos de malestar matrimonial, la reacci\u00f3n del &#8220;&#8221;majismo&#8221;&#8221;, el enfrentamiento entre el n\u00facleo de opini\u00f3n tradicional y el moderno, los albores del amor rom\u00e1ntico, las primeras reivindicaciones feministas. Lo m\u00e1s singular de este estudio; que, seg\u00fan opini\u00f3n del profesor Jover, ser\u00e1 en adelant\u00e9 de indispensable consulta para mejor entender los reinados de Carlos III y Carlos IV, reside en e1 triple criterio hist\u00f3rico, ling\u00fc\u00edstico y literario- con que la autora ha seleccionado y ordenado el material de su investigaci\u00f3n, de cuyas resultas la narraci\u00f3n adquiere un ritmo estimulante y variado poco frecuente en este tipo de monograf\u00edas.&#8221;<\/p>\n","protected":false},"featured_media":4644,"comment_status":"closed","ping_status":"open","template":"","meta":{"_acf_changed":false},"materia_nivel_3":[],"subtema_nivel_2":[],"tema_nivel_1":[2567],"product_brand":[],"product_cat":[15],"product_tag":[],"product_author":[],"product_collection":[],"class_list":{"0":"post-16436","1":"product","2":"type-product","3":"status-publish","4":"has-post-thumbnail","6":"tema_nivel_1-historia","7":"product_cat-uncategorized","9":"first","10":"instock","11":"purchasable","12":"product-type-simple"},"acf":[],"_links":{"self":[{"href":"https:\/\/dev2.cantalupe.net\/sigloxxi\/wp-json\/wp\/v2\/product\/16436","targetHints":{"allow":["GET"]}}],"collection":[{"href":"https:\/\/dev2.cantalupe.net\/sigloxxi\/wp-json\/wp\/v2\/product"}],"about":[{"href":"https:\/\/dev2.cantalupe.net\/sigloxxi\/wp-json\/wp\/v2\/types\/product"}],"replies":[{"embeddable":true,"href":"https:\/\/dev2.cantalupe.net\/sigloxxi\/wp-json\/wp\/v2\/comments?post=16436"}],"version-history":[{"count":1,"href":"https:\/\/dev2.cantalupe.net\/sigloxxi\/wp-json\/wp\/v2\/product\/16436\/revisions"}],"predecessor-version":[{"id":16437,"href":"https:\/\/dev2.cantalupe.net\/sigloxxi\/wp-json\/wp\/v2\/product\/16436\/revisions\/16437"}],"wp:featuredmedia":[{"embeddable":true,"href":"https:\/\/dev2.cantalupe.net\/sigloxxi\/wp-json\/wp\/v2\/media\/4644"}],"wp:attachment":[{"href":"https:\/\/dev2.cantalupe.net\/sigloxxi\/wp-json\/wp\/v2\/media?parent=16436"}],"wp:term":[{"taxonomy":"materia_nivel_3","embeddable":true,"href":"https:\/\/dev2.cantalupe.net\/sigloxxi\/wp-json\/wp\/v2\/materia_nivel_3?post=16436"},{"taxonomy":"subtema_nivel_2","embeddable":true,"href":"https:\/\/dev2.cantalupe.net\/sigloxxi\/wp-json\/wp\/v2\/subtema_nivel_2?post=16436"},{"taxonomy":"tema_nivel_1","embeddable":true,"href":"https:\/\/dev2.cantalupe.net\/sigloxxi\/wp-json\/wp\/v2\/tema_nivel_1?post=16436"},{"taxonomy":"product_brand","embeddable":true,"href":"https:\/\/dev2.cantalupe.net\/sigloxxi\/wp-json\/wp\/v2\/product_brand?post=16436"},{"taxonomy":"product_cat","embeddable":true,"href":"https:\/\/dev2.cantalupe.net\/sigloxxi\/wp-json\/wp\/v2\/product_cat?post=16436"},{"taxonomy":"product_tag","embeddable":true,"href":"https:\/\/dev2.cantalupe.net\/sigloxxi\/wp-json\/wp\/v2\/product_tag?post=16436"},{"taxonomy":"product_author","embeddable":true,"href":"https:\/\/dev2.cantalupe.net\/sigloxxi\/wp-json\/wp\/v2\/product_author?post=16436"},{"taxonomy":"product_collection","embeddable":true,"href":"https:\/\/dev2.cantalupe.net\/sigloxxi\/wp-json\/wp\/v2\/product_collection?post=16436"}],"curies":[{"name":"wp","href":"https:\/\/api.w.org\/{rel}","templated":true}]}}